{"id":166,"date":"2012-07-17T12:25:30","date_gmt":"2012-07-17T12:25:30","guid":{"rendered":"http:\/\/www.lotorpsmassage.se\/?page_id=166"},"modified":"2023-07-22T08:51:12","modified_gmt":"2023-07-22T08:51:12","slug":"valkommen-till-lotorps-massage-friskvard","status":"publish","type":"page","link":"https:\/\/www.lotorpsmassage.se\/","title":{"rendered":"Lotorps Massage &#038; Friskv\u00e5rd"},"content":{"rendered":"\n<div class=\"wp-block-image\"><figure class=\"alignright size-large is-resized\"><img loading=\"lazy\" src=\"https:\/\/www.lotorpsmassage.se\/wp-content\/uploads\/2020\/10\/Lotorp-Clinic.jpg\" alt=\"\" class=\"wp-image-530\" width=\"152\" height=\"110\" srcset=\"https:\/\/www.lotorpsmassage.se\/wp-content\/uploads\/2020\/10\/Lotorp-Clinic.jpg 366w, https:\/\/www.lotorpsmassage.se\/wp-content\/uploads\/2020\/10\/Lotorp-Clinic-300x217.jpg 300w\" sizes=\"(max-width: 152px) 100vw, 152px\" \/><\/figure><\/div>\n\n\n\n<p><\/p>\n\n\n\n<p><\/p>\n\n\n\n<p><\/p>\n\n\n\n<div class=\"wp-block-media-text alignfull has-media-on-the-right is-stacked-on-mobile is-vertically-aligned-center\"><figure class=\"wp-block-media-text__media\"><img loading=\"lazy\" width=\"331\" height=\"500\" src=\"https:\/\/www.lotorpsmassage.se\/wp-content\/uploads\/2022\/01\/lotorpsmetoden-andning-massage-triggerpunkter-janne-karlsson-malin-karlsson-framsida-1.jpg\" alt=\"\" class=\"wp-image-647 size-full\" srcset=\"https:\/\/www.lotorpsmassage.se\/wp-content\/uploads\/2022\/01\/lotorpsmetoden-andning-massage-triggerpunkter-janne-karlsson-malin-karlsson-framsida-1.jpg 331w, https:\/\/www.lotorpsmassage.se\/wp-content\/uploads\/2022\/01\/lotorpsmetoden-andning-massage-triggerpunkter-janne-karlsson-malin-karlsson-framsida-1-199x300.jpg 199w\" sizes=\"(max-width: 331px) 100vw, 331px\" \/><\/figure><div class=\"wp-block-media-text__content\">\n<h1 class=\"has-text-align-center has-text-color\" id=\"nya-boken\" style=\"color:#000000\">L\u00e4s om v\u00e5r bok!<\/h1>\n\n\n\n<p class=\"has-text-align-center has-extra-small-font-size\"><a href=\"https:\/\/www.lotorpsmassage.se\/?page_id=349\" data-type=\"page\" data-id=\"349\">Mer information<\/a><\/p>\n<\/div><\/div>\n\n\n\n<h1><\/h1>\n\n\n<h2 style=\"text-align: left;\">Lotorps Massage &amp; Friskv\u00e5rd ligger centralt i Finsp\u00e5ng i en handikappanpassad lokal p\u00e5 markplan. H\u00e4r erbjuder vi allt fr\u00e5n klassisk massage, andningsterapi, triggerpunktsmassage h\u00e4lsoutveckling och personlig tr\u00e4ning. Totalt \u00e4r vi fyra mass\u00f6rer som har ett n\u00e4ra samarbete med varandra f\u00f6r att tillgodose dina behov och \u00f6nskem\u00e5l. Samtliga \u00e4r certifierade mass\u00f6rer.<\/h2>\n<h2 style=\"text-align: left;\">&nbsp;<\/h2>\n<h2 style=\"text-align: left;\">V\u00e4lkommen att boka en tid hos oss.&nbsp;<\/h2>\n<p><\/p>\n\n\n<p><\/p>\n\n\n\n<p><em>F\u00f6lj oss g\u00e4rna p\u00e5 Sociala medier!<\/em><\/p>\n\n\n\n<div class=\"wp-container-1 wp-block-buttons\">\n<div class=\"wp-block-button is-style-outline\"><a class=\"wp-block-button__link\" href=\"\" target=\"_blank\" rel=\"noreferrer noopener\">Facebook<\/a><\/div>\n\n\n\n<div class=\"wp-block-button is-style-outline\"><a class=\"wp-block-button__link\" href=\"\" target=\"_blank\" rel=\"noreferrer noopener\">Instagram<\/a><\/div>\n<\/div>\n\n\n\n<p><\/p>\n","protected":false},"excerpt":{"rendered":"<p>L\u00e4s om v\u00e5r bok! Mer information Lotorps Massage &amp; Friskv\u00e5rd ligger centralt i Finsp\u00e5ng i en handikappanpassad lokal p\u00e5 markplan. H\u00e4r erbjuder vi allt fr\u00e5n klassisk massage, andningsterapi, triggerpunktsmassage h\u00e4lsoutveckling och personlig tr\u00e4ning. Totalt \u00e4r vi fyra mass\u00f6rer som har ett n\u00e4ra samarbete med varandra f\u00f6r att tillgodose dina behov och \u00f6nskem\u00e5l. Samtliga \u00e4r certifierade &hellip; <\/p>\n<p class=\"link-more\"><a href=\"https:\/\/www.lotorpsmassage.se\/\" class=\"more-link\">Forts\u00e4tt l\u00e4sa<span class=\"screen-reader-text\"> \u201dLotorps Massage &#038; Friskv\u00e5rd\u201d<\/span><\/a><\/p>\n","protected":false},"author":1,"featured_media":562,"parent":0,"menu_order":1,"comment_status":"closed","ping_status":"closed","template":"","meta":[],"_links":{"self":[{"href":"https:\/\/www.lotorpsmassage.se\/index.php?rest_route=\/wp\/v2\/pages\/166"}],"collection":[{"href":"https:\/\/www.lotorpsmassage.se\/index.php?rest_route=\/wp\/v2\/pages"}],"about":[{"href":"https:\/\/www.lotorpsmassage.se\/index.php?rest_route=\/wp\/v2\/types\/page"}],"author":[{"embeddable":true,"href":"https:\/\/www.lotorpsmassage.se\/index.php?rest_route=\/wp\/v2\/users\/1"}],"replies":[{"embeddable":true,"href":"https:\/\/www.lotorpsmassage.se\/index.php?rest_route=%2Fwp%2Fv2%2Fcomments&post=166"}],"version-history":[{"count":71,"href":"https:\/\/www.lotorpsmassage.se\/index.php?rest_route=\/wp\/v2\/pages\/166\/revisions"}],"predecessor-version":[{"id":693,"href":"https:\/\/www.lotorpsmassage.se\/index.php?rest_route=\/wp\/v2\/pages\/166\/revisions\/693"}],"wp:featuredmedia":[{"embeddable":true,"href":"https:\/\/www.lotorpsmassage.se\/index.php?rest_route=\/wp\/v2\/media\/562"}],"wp:attachment":[{"href":"https:\/\/www.lotorpsmassage.se\/index.php?rest_route=%2Fwp%2Fv2%2Fmedia&parent=166"}],"curies":[{"name":"wp","href":"https:\/\/api.w.org\/{rel}","templated":true}]}}